{"id":58,"date":"2023-11-14T12:59:55","date_gmt":"2023-11-14T12:59:55","guid":{"rendered":"https:\/\/microsysteme.net\/msie\/?page_id=58"},"modified":"2024-07-13T14:10:56","modified_gmt":"2024-07-13T13:10:56","slug":"marques","status":"publish","type":"page","link":"https:\/\/microsysteme.net\/msie\/?page_id=58","title":{"rendered":"Marques"},"content":{"rendered":"\n<h4 class=\"wp-block-heading\">Les marques existantes sur le march\u00e9 diff\u00e8rent en mati\u00e8re de qualit\u00e9 et aussi en prix, MSI suit l\u2019\u00e9volution des marques et propose \u00e0 ses clients les meilleures solution qualit\u00e9\/prix selon le budget pr\u00e9vu.<\/h4>\n\n\n\n<ul class=\"wp-block-list\">\n<li>Achetez les meilleures marques adapt\u00e9es \u00e0 votre cas<\/li>\n\n\n\n<li>Ne gaspillez pas votre budget inutilement<\/li>\n\n\n\n<li>Ne surmontez pas vos besoins r\u00e9els m\u00eame si le budget est important<\/li>\n\n\n\n<li>Ce qui prime est la dur\u00e9e de vie des \u00e9quipements et leurs performances.<\/li>\n<\/ul>\n","protected":false},"excerpt":{"rendered":"<p>Les marques existantes sur le march\u00e9 diff\u00e8rent en mati\u00e8re de qualit\u00e9 et aussi en prix, MSI suit l\u2019\u00e9volution des marques et propose \u00e0 ses clients les meilleures solution qualit\u00e9\/prix selon le budget pr\u00e9vu.<\/p>\n","protected":false},"author":1,"featured_media":0,"parent":0,"menu_order":0,"comment_status":"closed","ping_status":"closed","template":"","meta":{"footnotes":""},"class_list":["post-58","page","type-page","status-publish","hentry"],"_links":{"self":[{"href":"https:\/\/microsysteme.net\/msie\/index.php?rest_route=\/wp\/v2\/pages\/58","targetHints":{"allow":["GET"]}}],"collection":[{"href":"https:\/\/microsysteme.net\/msie\/index.php?rest_route=\/wp\/v2\/pages"}],"about":[{"href":"https:\/\/microsysteme.net\/msie\/index.php?rest_route=\/wp\/v2\/types\/page"}],"author":[{"embeddable":true,"href":"https:\/\/microsysteme.net\/msie\/index.php?rest_route=\/wp\/v2\/users\/1"}],"replies":[{"embeddable":true,"href":"https:\/\/microsysteme.net\/msie\/index.php?rest_route=%2Fwp%2Fv2%2Fcomments&post=58"}],"version-history":[{"count":8,"href":"https:\/\/microsysteme.net\/msie\/index.php?rest_route=\/wp\/v2\/pages\/58\/revisions"}],"predecessor-version":[{"id":160,"href":"https:\/\/microsysteme.net\/msie\/index.php?rest_route=\/wp\/v2\/pages\/58\/revisions\/160"}],"wp:attachment":[{"href":"https:\/\/microsysteme.net\/msie\/index.php?rest_route=%2Fwp%2Fv2%2Fmedia&parent=58"}],"curies":[{"name":"wp","href":"https:\/\/api.w.org\/{rel}","templated":true}]}}